(9). Let y(h) = 2*h**2 - 20*h + 14. What is the hundreds digit of y(w)?
3
Suppose 6*z + 4*w - 1601 = z, -4*z + 1272 = w. Suppose z*q + 4010 = 327*q. What is the hundreds digit of q?
4
Let x(o) = -1398*o + 7. Suppose 0*m - 4*p - 5 = -3*m, -3*m = 2*p + 7. Let r be x(m). Suppose -r + 337 = -12*w. What is the units digit of w?
9
Let w = 148 + -148. Suppose 0 = 2*u - 2*v + 6*v - 300, w = 5*u + 3*v - 757. What is the tens digit of u?
5
Let q be -1 + 42/(-7) + 91. What is the hundreds digit of (420/q)/(1/41)?
2
Suppose 5*r + 2*p - 26281 = 0, 2*r - 10516 = 10*p - 12*p. What is the tens digit of r?
5
Let g(l) = -290*l - 1124. What is the hundreds digit of g(-16)?
5
Suppose -34*w - 6887 = -35*w + 4*d, 5*w - d - 34530 = 0. What is the tens digit of w?
0
Suppose 4*n + 3 = 3*j, -4*n - 3*j = -0*j - 27. Let q(x) = 3*x**2 - 2*x - 12*x**2 - 2*x**n - 4 - 9*x - 1. What is the units digit of q(-5)?
5
Let w(n) = -2*n**3 + n**2 - 14*n - 17. Let h be w(-4). Suppose 4 = c, -o + c + 323 = -h. What is the hundreds digit of o?
5
Let w(p) = -6*p - 24. Let g be w(-4). Suppose -i + 660 + 735 = g. Suppose -7*j = 2*j - i. What is the tens digit of j?
5
Let b = -3038 + 11082. What is the hundreds digit of b?
0
Let p(t) = -5*t + 63. Let u be p(10). Let k(n) = 6*n**2 - 14*n - 134. What is the units digit of k(u)?
8
Suppose -2*r + 5*w + 5739 = 0, -3*r + 5*w = -5395 - 3226. What is the tens digit of r?
8
Suppose 697 = f + 55. Let s(x) = -f*x**2 - x - 16 + 630*x**2 + 12*x + x**3. What is the tens digit of s(12)?
1
Suppose -2055575 - 2581 = -68*j. What is the units digit of j?
7
Let o(y) = 24*y - 149. Let k be o(3). What is the thousands digit of (-8)/44 - 98728/k?
1
Suppose -41 = -12*q + 7. Suppose 24 = -q*n - 4*w, -3*n - 2*n + 3*w + 10 = 0. What is the tens digit of (-6 - (n + -9))*(33 + 1)?
3
What is the tens digit of (17 + -2)/(9/14694)?
9
Let a(o) be the first derivative of 2*o**3/3 + o**2/2 + 2*o - 1. Let r be 0 + (-18)/(-42)*-21. What is the hundreds digit of a(r)?
1
Let o(q) = -7*q - 152. Let f be o(-38). Suppose -3*p - 1 - 2 = 0. What is the tens digit of -1 - (2/p - f)?
1
What is the thousands digit of (-15 + -283)*((-1500)/8 - 0)?
5
Suppose 5*r = 4*k - 47585, 8*k - 10*k = 7*r - 23821. What is the hundreds digit of k?
9
Suppose -3*d + 4 + 11 = 0. Suppose 18 = -2*c - 2*c - d*y, -4 = -2*y. Let z(t) = 3*t**2 + 4*t + 6. What is the hundreds digit of z(c)?
1
Let m = -725 - -730. Suppose -2*l + 3370 = 4*f, -5*f - 5110 = m*l - 8*l. What is the tens digit of l?
9
Suppose 5*i = -2*p + 1313, -1320 = 6*i - 11*i + 5*p. Let u = i + -188. What is the units digit of u?
5
Let p(z) = 2*z**2 + 17*z + 13. Let n be p(-13). Let t = n - 195. Let h = t - -225. What is the hundreds digit of h?
1
Let w(u) = 1316*u**2 + 42*u + 5. What is the units digit of w(-2)?
5
Let w(p) = -p**3 + 26*p**2 + 12*p - 42. Let x be w(21). Suppose -x = -5*m + 150. What is the hundreds digit of m?
5
Suppose -134 = -w - 61. Suppose -w*m + 70*m = -5*b - 2936, 5*m + 3*b - 4848 = 0. What is the hundreds digit of m?
9
Suppose 76 = 3*i - 5*f, 6*i + f = 4*i + 55. Suppose -o + 31 - 35 = 0. What is the tens digit of (342/i)/(o/(-6))?
1
Let z be 930/(-60)*(1 + 2 + -141). Let u = z + -934. What is the units digit of u?
5
Suppose 23*x + 8236 = 25*x - 4*s, -5*x + 20680 = 5*s. What is the tens digit of x?
3
Suppose -m + 0 = -4*n - 1, 2 = 2*m. Let l be 8/2 - (0 - n). Suppose 114 = l*w + 2*w. What is the units digit of w?
9
Let k(j) = 3*j**2 + 10*j + 20. Suppose -5*p = -4*d + d + 22, -4 = 4*d. Let r be k(p). Suppose r + 171 = 8*b. What is the units digit of b?
7
Let r be -4 - -8*4/8. Suppose r = -7*l + 71 + 216. What is the units digit of l?
1
Let l = -37389 - -73699. What is the tens digit of l?
1
Let f be 4 + 3*24/(-18). Let u(d) = d**3 - d**2 - d + 354. What is the units digit of u(f)?
4
Suppose -13874 = -16*g + 7022. Suppose -4*f + 638 = c, -5*f = 2*c - g + 45. What is the units digit of c?
8
Suppose -4*d - 2*h + 102418 = 0, 76789 = 3*d - h + 6*h. What is the tens digit of d?
0
Let l = 97 - 94. Let h be ((-13)/(-5) - l) + 21368/20. Suppose 6*y - 2*y = h. What is the units digit of y?
7
Let w(x) = x + 34. Let j be w(-18). Suppose -j*p = -14*p. Suppose 3*u + 4*z - 69 = p, 3*u - 69 = -0*z + 4*z. What is the units digit of u?
3
Let j = -11 + 0. Suppose 0 = 149*y - 225*y + 2128. Let s = j + y. What is the tens digit of s?
1
Let g = 12692 + -7764. Suppose 11*p - g = -0*p. Let f = p + -300. What is the tens digit of f?
4
Let p(z) = -z**2 - 62 + 31*z - 8 + 7 - 17 + 3. What is the tens digit of p(25)?
7
Let n(u) = u**3 + 2*u**2 + 4*u + 1091. Let x(t) = -t**3 - 2*t**2 - 3*t - 1091. Let v(h) = -3*n(h) - 4*x(h). What is the tens digit of v(0)?
9
Let r(i) = -2*i + 23. Let h be r(7). Suppose h*n = -454 + 1741. What is the units digit of (3/21 - 15/7) + n?
1
Suppose 21231 = 3*k + 3*x, -9210 = -k + 4*x - 2153. What is the hundreds digit of k?
0
Let d be 2/(-9) + 1932/189. Suppose d*m = 5*m + 80. Let x = m + 65. What is the units digit of x?
1
Let q = 124 - 52. Suppose -q*c + 866 = -70*c. What is the hundreds digit of c?
4
Let g be 15728/8*((-2 - -5) + -2). Suppose -9*a - 4*m = -4*a - 4957, g = 2*a - 4*m. What is the hundreds digit of a?
9
Suppose 2*j = -h - 3 + 7, 4*h - 8 = -4*j. Suppose -v - j*v = -6. Suppose 4*d + 41 + 27 = 3*m, 3*m + v*d - 38 = 0. What is the units digit of m?
6
Let h(z) = 3*z**3 + z**2 - 2*z + 40. Let n(m) = 4*m**3 - 4*m + 40. Let p(t) = 5*h(t) - 4*n(t). What is the tens digit of p(-7)?
8
Suppose 0 = -2*f - 0*f + 5*a + 11, -f + 2*a = -5. Suppose 118 = f*p - 701. What is the units digit of p?
3
Suppose -d + 3*d + 2032 = 0. Let x = 352 + d. What is the units digit of 1/(2*(-4)/x)?
3
Suppose -22 = 12*v + 2. What is the units digit of v/10 - (-35187)/185?
0
Let o = -27 - -60. Let y(n) = 10*n - 36 + o + 14. What is the hundreds digit of y(24)?
2
Let d(q) = 21414*q + 1323. What is the hundreds digit of d(2)?
1
Suppose -26*r + 245024 = r + 25*r. What is the thousands digit of r?
4
Let z(j) = 131*j - 981. What is the ten thousands digit of z(115)?
1
Let p(q) = q**3 + 5*q**2 + 3*q - 4. Let t be p(-2). Suppose -3*i = -4*g - 183 - 497, -t*i - g = -457. What is the tens digit of i?
2
Suppose -14 = q - 11. What is the hundreds digit of (-7680)/(-18) + (-1)/q*1?
4
Suppose p = -2*p - c + 317, -p + 111 = 3*c. Let m(g) = -2*g**2 + 80*g - 780. Let s be m(24). Let n = p - s. What is the units digit of n?
7
Let i = 11995 - 6374. What is the thousands digit of i?
5
What is the ten thousands digit of ((-253517)/(-57) - 17)*(-18)/(-4)?
1
Let h = -59575 + 84081. What is the thousands digit of h?
4
Let d = 145 + -96. Let r = d - -1058. What is the thousands digit of r?
1
What is the units digit of 5210700/475 - ((-12)/(-285))/(6/(-15))?
0
Let s = 175 + -173. Suppose -4*x + 287 = 3*q, -2*q - 2*q = -5*x + 382. Let u = x + s. What is the units digit of u?
6
Let h(p) = -p**2 + 19*p - 23. Let d be h(15). Let n be 0/(-1 - (-7 - -4)). Suppose 4*l + 9 - d = n. What is the units digit of l?
7
What is the units digit of -45*(4 - (-6503)/(-35))?
1
Suppose 3*n - 91 = -5*u, -2*n + 3*n = -3*u + 29. Let j be (6*1)/(48/n). What is the units digit of (7 - 4 - j)*-80?
0
Suppose -22345 = -26*k - 1051. What is the tens digit of k - (2/(-5))/(3/45)?
2
Suppose -161*j + 1114770 = -859425 - 76301. What is the thousands digit of j?
2
Suppose -10*j = 12*j - 440. Let w = 126 + j. What is the units digit of w?
6
Suppose 10*c - 13*c - 88 = -4*n, -5*n = -3*c - 110. What is the units digit of n/165 - 39232/(-60)?
4
Let l(v) = -8*v**2 - 2*v + 10. Let m be l(5). Let b = 140 + m. Let y = -46 - b. What is the tens digit of y?
1
Let n be (-3)/(-6) + (-193)/2. Let d be ((-720)/n)/((-2)/((-16)/(-6))). Let q(f) = -8*f - 47. What is the units digit of q(d)?
3
What is the hundreds digit of 54/(-21) + 3 - 225033/(-7)?
1
Suppose -5*d = -w - 910 + 885, -5*d = 3*w - 25. Let t be ((-3)/4)/(3/(-12)). Suppose -5*o = t*x - 406, -d*x - 2*o = -343 - 321. What is the hundreds digit of x?
1
Suppose -4*u + 14 = 3*n, 5*u - 6*u = 2*n - 6. Suppose 189 = 3*w + r, 4*w - n*w = 4*r + 112. What is the tens digit of w?
6
Suppose 5*d + 2*z - 43105 = 0, -4*z + 5*z = -2*z. What is the thousands digit of d?
8
Let w = 12 + 688. Let k = 2 - w. What is the tens digit of k/(-8) - (1/4 - 0)?
8
Suppose 63*h = -24*h 